-3*q + 5. Suppose 0 = -q*d - 5*i + 17, 0 = -4*d + 3*i - 3 - 2. Let v(r) = 5*r**3 + 2*r**2 - r. Calculate v(d).
6
Let c(d) = -19*d + 4*d**2 + 33*d - 3*d**2 - 11*d. Give c(-2).
-2
Let w(d) = -2 + 6 - 1 - 4*d**2 + 7*d + 5*d**2. Suppose -5*h + 20 = 0, -6*c + 3*c + 3*h = -15. Let u = -15 + c. Calculate w(u).
-3
Suppose q - 14 = -5*d, -3*d - 5*q + 30 = 2*d. Let a(z) = -z**3 + 8 + 4 - 6*z**2 + 6*z**2 - 8*z + 7*z**d. Let c be a(6). Let m(n) = -n**3 - n**2. Determine m(c).
0
Let i(o) = 13*o**2 + 20. Let q(h) = 8*h**2 - h + 10. Let f(n) = -3*i(n) + 5*q(n). Determine f(8).
14
Let b(a) = a**2 - 23*a + 22. Let v(r) = r - 4. Let t(k) = b(k) - 2*v(k). What is t(24)?
6
Suppose -4*y + 2*u = -44, 5*y - 2*u + 1 = 58. Let t = -10 + y. Let f(h) = -h**2 + 5*h**2 + 3 - t*h**2 - 4*h. Calculate f(3).
0
Let l(c) = 3*c**2 + 39*c + 5. Let j be l(-13). Let g(x) = 6 - x + 0*x + j + 0*x. Calculate g(10).
1
Suppose t - 4*n = -26, -5*t = -3*n + 53 - 8. Let a(b) be the first derivative of b**3/3 + 9*b**2/2 + b - 114. Calculate a(t).
-17
Suppose -q = -6*q + 10. Let j(x) = x + 4*x**2 - 5*x**q + 5*x**2. Let z(s) = -s**2 + 19*s + 217. Let c be z(27). What is j(c)?
5
Let p(a) = -153*a + 12 + 50*a + 55*a + 47*a. Let w(h) = h + 2. Let u be w(5). Give p(u).
5
Let y(q) = q + 3. Suppose -s - 3 = -u - 3*s, -2*s = 0. Suppose -4*k - 4*r - 20 = 0, 2*k = -r + u*r - 2. Give y(k).
0
Suppose 0 = -3*x - 3*i + 6, 5*x = -2*i - i + 14. Let a(k) = -k**2 + 5*k - 2. Let y be a(x). Let s(h) = -2 - 29*h + y + 17*h. Calculate s(1).
-12
Let v(o) = -11*o. Let w(b) = -5*b**3 - 4*b**2 + 6*b + 1. Let y(j) = -14*j**3 - 12*j**2 + 17*j + 3. Let c(r) = 17*w(r) - 6*y(r). Let d be c(4). Determine v(d).
11
Let w(k) = k**3 - 7*k**2 + 9*k - 8. Let z(o) = 12*o**2 - 3*o. Let f be z(2). Suppose 6*m - f = -m. What is w(m)?
10
Suppose 5 = 5*i + 5*s, -i + 0*i = -s - 3. Let w(z) = -3 + 0 + z + i*z - 4*z. Let l = -2 + -7. What is w(l)?
6
Let t(z) = -7*z**2 + 6*z + 1. Let l = 11 - 9. Let v(f) = -8*f + 2 + 13*f - 1 - 10*f**2 + 4*f**l. Let p(a) = -5*t(a) + 6*v(a). Determine p(-2).
-3
Let v(a) = -a**2 - 7*a. Let f(x) = -x**2 - x + 1. Let q(j) = 4*f(j) - v(j). What is q(3)?
-14
Let x(o) = 2*o**2 + 2*o + 3*o**2 - 6*o**2. Let i(t) = 3*t**2 - 33*t + 32*t - 2*t**2. Let n(f) = 2*i(f) + 3*x(f). Give n(5).
-5
Let o = 12 + -8. Let q be (o/(-6))/((-2)/3). Let i(k) = -217 - 63*k + 217 + 65*k. Calculate i(q).
2
Let u(m) = 30*m. Suppose -9*v + 25*v + 16 = 0. Give u(v).
-30
Let b(q) be the first derivative of 2*q**3 - q - 4. Let f(i) = -i**3 + 8*i**2 + 9*i + 1. Let k be f(9). Give b(k).
5
Let t(q) = q - 4. Suppose -4*b + 0*b = -16. Suppose p = -b*y - 13, 4*p = -y - 2*y. Suppose 0 = a - 4, p*x - 3*a - 2 = -23. Give t(x).
-7
Let s(x) = -9*x**3 - 4*x**2 + x + 4. Let h be s(2). Let b = -86 - h. Let i(n) = n**3 + 4*n**2 - n + 1. Give i(b).
5
Let t(q) be the second derivative of -1/24*q**4 + 10*q + 1/72*q**6 + 0 - 2/3*q**3 + 0*q**5 + 0*q**2. Let a(d) be the second derivative of t(d). Calculate a(1).
4
Let x(t) be the second derivative of t**3/3 - t**2/2 - 45*t. Let q(b) = b**2 + b + 1. Let v(z) = 2*q(z) + x(z). Suppose -p = 2*p + 9. Determine v(p).
7
Let w = 6 - -3. Let g(u) = 4*u**2 - u - w*u**2 - 5 + u + u - u**3. Let h = -11 + 6. What is g(h)?
-10
Let g(w) = 3*w + 6. Let d(o) = -o**3 - 10*o**2 - 12*o - 31. Let n be d(-9). What is g(n)?
-6
Let w(z) = -645 - 3*z**2 + 638 + 2*z + z**3 + 0*z - 2*z**2. Determine w(5).
3
Suppose 4 = -3*v + 10. Let c(n) = -3*n - 2. Let x(f) = -7*f - 4. Let r(h) = 5*c(h) - 2*x(h). Give r(v).
-4
Let z(g) = 3*g + 1. Let h(d) = 0*d - d - 15 + 15. Let o(x) = h(x) - z(x). Let p(a) = 5*a + 1. Let s(f) = -2*o(f) - 3*p(f). What is s(-2)?
13
Let i(h) = 7*h**2 - h**3 + 8 - 3*h**3 + 3*h**3 - 4*h + 1. Let p = 33 - 24. Suppose p*x + 2*x = 66. What is i(x)?
21
Let f(j) be the first derivative of -j**3/3 + 7*j**2/2 + 3*j + 107. Give f(8).
-5
Let i(h) be the first derivative of -3*h**2 + 6*h - 145. Determine i(2).
-6
Let d(c) = c + 1. Let l(t) = -4*t + 1. Suppose -3*o + 3*m + 4 = -8*o, o - m = 4. Let i = -37 - -42. Let x(a) = i*d(a) + o*l(a). Determine x(-7).
-1
Suppose 8*d = 9*d + 2, -5*d - 18 = 4*s. Let j(i) be the third derivative of 0 - 4*i**2 + 0*i + 1/12*i**4 - 1/6*i**3. Give j(s).
-5
Let n(s) = -1 - s + 2*s - s**2 + 0*s. Let m(g) = -g**3 + 12*g**2 + 2. Let b be m(12). Suppose 0 = -5*x - 25, b*h + 3*h = 3*x + 25. What is n(h)?
-3
Suppose a - 4*a + 9 = 0, -5*s = -2*a - 29. Let m(n) = -s - 5*n**2 + 8 + 0. Let f = -2 + 1. Give m(f).
-4
Let j(x) be the second derivative of x**4/12 + x**3 + x**2 - 7*x. Suppose -2*c + 6 = -0*c. Suppose -c*d = -6*d - 12. Give j(d).
-6
Let a(w) = -7*w. Suppose y - 5*p = 25, -3*p = -y + 25 + 2. Suppose 0*l - 5*k = -5*l - y, -3*l = -2*k + 13. Give a(l).
7
Suppose -22 = -5*q + 4*d, 0*d - 3*d - 13 = -2*q. Let t(l) = l**3 - 2*l**2 + 1. Give t(q).
1
Suppose 50 = -29*l - 37. Let p(k) = -k - 2. What is p(l)?
1
Suppose 2*r = -3*u + 45 + 1, -u = -5*r + 98. Let g be (-24)/r*20/8. Let q be (-3)/(-1) - (7 + g). Let c(d) = -d - 1. Calculate c(q).
0
Suppose 0 = -5*d - 2*v + 26 + 29, -2*v = -4*d + 44. Let i(k) = -35*k - 14. Let g(l) = -3 + 0*l + 12*l + 8. Let a(m) = d*g(m) + 4*i(m). Determine a(1).
-9
Let a = 34 - 35. Let n = -2 - a. Let m(b) = -2*b**2 + b. Calculate m(n).
-3
Let r(b) = 3*b + 13 - 3 + 16 - 29. Determine r(-4).
-15
Let f(t) = 9*t + 40. Let u be f(-4). Let h(p) = -p**3 + 5*p**2 - 6*p + 3. Determine h(u).
-5
Let f be 46/(-2 - (1 + -1)). Let v = -16 - f. Suppose v*x + 2*y = 3*x + 26, -4*x + 25 = y. Let k(l) = -l**3 + 7*l**2 - 5*l - 2. Determine k(x).
4
Let k(z) = 31*z + 18 + 37 - 72 + 19. What is k(-2)?
-60
Let w(m) = m - 3. Let g be 116/(-29) + (5 - 1). What is w(g)?
-3
Let w(r) be the second derivative of r**3/6 + 9*r**2/2 + 2*r + 69. Determine w(0).
9
Let v(q) be the third derivative of q**5/60 + q**4/3 + 5*q**3/6 + 22*q**2. Suppose -3*s - r - 31 = -6, 4*r + 36 = -4*s. Give v(s).
5
Let y(a) = 3*a + 3*a**2 - a + a**2 - 1 + a**3. Suppose -9*r - 34 = 8*r. Calculate y(r).
3
Let v be ((-66)/(-15))/11 - (-4)/(-10). Let l(i) = -i - 2. What is l(v)?
-2
Let a(b) = -3 + 4*b - 7*b + 0*b + 12. Give a(8).
-15
Suppose -f = m + 1, 2*f - 4*m = m - 16. Let w be 3 - (f - -3)/(-1). Let j(k) = k**2 + 3*k**2 + 4*k + k + 4 + k**w. Give j(-3).
-2
Let y(o) = -o**3 - 2*o**2 + 3*o - 5. Let i(k) = k**2 - k + 3. Let b(q) = -2*i(q) - y(q). Determine b(-1).
-1
Let f(i) = 3 - 3*i**2 + 7*i - i**3 - 4*i + 2*i**2 - 2*i**2. What is f(-4)?
7
Let l(u) = 4*u**2 - 9*u + 9. Let a(o) = 21*o**2 - 78*o + 48. Let j(k) = -3*k**2 + 11*k - 7. Let v(n) = -2*a(n) - 15*j(n). Let p(f) = 2*l(f) - 3*v(f). Give p(7).
5
Let x(r) = -2*r + 12. Suppose 314 = 5*v + 269. What is x(v)?
-6
Let j = -749 - -757. Let u(f) = -f**2 + 10*f + 3. Calculate u(j).
19
Suppose 2*l = -2*l + 5*u + 6, -3*l = 5*u - 22. Let v(b) = -2 - b**2 + l*b - 8*b + 1. Determine v(-4).
-1
Let h(q) = -2 + 4 - 2*q**2 + 4*q - 4 + q**3. Let b(r) = -r**3 + 3*r**2 + 5*r - 2. Suppose 12 = -2*k - 2*k, -4*k - 8 = w. Let j be b(w). Determine h(j).
6
Let o(s) = 3*s**3 - 18*s**2 + 3*s + 14. Let r(v) = -8*v**3 + 37*v**2 - 7*v - 27. Let t(l) = 5*o(l) + 2*r(l). Determine t(-16).
0
Suppose 4*c - 4 = n + 7, 2*c = -2*n + 18. Suppose 3 - 27 = -4*x - c*t, 5*t = -x + 18. Let p(w) = 2*w**2 - w - 2. What is p(x)?
13
Let a(q) = -q**3 + 4*q**2 + 6*q + 1. Let f(m) = -7*m + 26. Let y be f(3). Determine a(y).
6
Let a(n) = -4*n**3 - n + 1. Let b(s) be the first derivative of 1 + s + 0*s**2 - 3/4*s**4 - 1/3*s**3. Let x(l) = -4*a(l) + 5*b(l). Give x(4).
1
Let y = 20 + -25. Let j be -2*(y/(-2) - 3). Let f(m) = 4*m - 5*m - j + 9. Calculate f(0).
8
Let r(g) be the second derivative of g**4/12 - g**3/6 + 3*g**2/2 + g. Suppose 0 = i + 7*l - 4*l + 3, 5*i - 3*l = 3. Calculate r(i).
3
Let o(l) = 19*l - 1 - 61*l + 17*l + 18*l. Determine o(-1).
6
Let f(z) = -3*z**3 - 9*z**2 - 3 - 7*z + 4*z**3 + 19*z**2 - 5*z + 2*z. Give f(-11).
-14
Let j(m) = 3*m**2 + 15*m - 24. Let r(z) = -z**2 - 8*z + 12. Let f(n) = -2*j(n) - 5*r(n). What is f(9)?
-3
Let z(u) = 2*u + 1. Let o(m) = 26*m - 3. Let d(t) = -o(t) - 2*z(t). What is d(-1)?
31
Let c(q) = 2*q**2 - 2*q - 1. Let b = -13 + -15. Let l = 231 - 261. Let g = l - b. Calculate c(g).
11
Suppose -3*w = -6*w - 2*t + 47, -2*w = -2*t - 28. Suppose -2*o - 3 = -w. Let z(j) be the first derivative of j**